
-6
(-1 - -6) + 7 + -12
0
What is (4 - (8 + -1)) + -2?
-5
Calculate 0 + 4 + -8 + 2.
-2
What is the value of -1 + -1 - 0 - (6 - 3)?
-5
Calculate 1 + -5 - (-5 - -3).
-2
(2 - 3) + 0 - 3
-4
Calculate -2 - (-2 + 2 + (-5 - -1)).
2
(7 - (8 + -3)) + -2
0
What is 13 + (-4 - 2) + 2 - 4?
5
What is 11 - (-5 - 5 - -13)?
8
Calculate 2 + (9 - (13 - 3)).
1
Calculate 1 - (1 - (-6 + 1 + 7)).
2
(3 + -7 - (-5 - -3)) + 1
-1
What is the value of (-2 - -7) + (-13 - -3)?
-5
Calculate -2 + -3 + -5 + (-6 - -9).
-7
What is -13 + 9 + 5 + -1?
0
Calculate -38 - -34 - (1 - 2 - -2).
-5
Evaluate (-4 - (-7 - -3)) + -2.
-2
3 - (5 + -4 + 4)
-2
What is -2 + (-1 - 3 - -8) + -1?
1
Evaluate (1 - -1) + -3 - (5 + -4).
-2
Calculate 6 - ((-3 - -4) + 3).
2
Evaluate -2 - (5 - (2 + -2) - -1).
-8
What is -1 + -5 + -4 + (10 - 3)?
-3
Calculate -4 - (-8 + 3 + 4) - -3.
0
What is the value of -8 + 9 + 0 - 0?
1
What is the value of -5 - (2 - 6) - (-10 - -10)?
-1
Evaluate (-6 - -13) + -4 + -1 + 0.
2
2 - -2 - (3 + (-7 - -12))
-4
Evaluate 0 - (1 - -4) - -2.
-3
Evaluate (-22 + 27 - (6 - 1)) + 4.
4
Evaluate 21 - 23 - (2 + -1).
-3
What is the value of (-3 + 2 - 2) + (30 - 25)?
2
Calculate -5 - (2 + -1 + (0 - 3)).
-3
What is 9 - 10 - (-2 + (-2 - -2))?
1
Calculate -1 + 7 + (-11 - -2).
-3
What is 3 + 17 + -19 + (2 - 0)?
3
What is 8 - (6 + -3) - 1?
4
What is -5 + (10 - -5) - (1 + 3)?
6
Evaluate (5 + 0 - 5) + 4.
4
What is 4 - 8 - (0 - 3)?
-1
Calculate (-3 - -1) + 3 + 2.
3
Calculate 11 + -11 + 0 + 7.
7
-1 + 15 + 269 + -275
8
Calculate (9 - 10) + (-5 - -3).
-3
What is the value of 7 + (3 + -7 - -1)?
4
Calculate (-10 - -11) + -5 + -2.
-6
Calculate 5 - (11 + -6) - (1 + -5).
4
Calculate (-4 - -7) + -6 + 4 + -3.
-2
What is -2 + 5 - 0 - (12 + -5)?
-4
Calculate 1 - (-1 + 1 - (33 - 33)).
1
What is -2 + -2 - (-42 + 37)?
1
Evaluate -1 - (-6 - (-3 - 0)).
2
Calculate 2 + (0 - 2 - (-2 + -2)).
4
What is the value of ((-14 - -4) + 5 - -7) + -4?
-2
(-4 - (-3 + 2)) + -1
-4
-10 + 5 + 2 + 0 + 5
2
What is the value of (6 - 9 - -8) + (3 - 0)?
8
3 + (-3 - 0) + -1
-1
Calculate -4 + (6 - (-5 + 9 + -5)).
3
Calculate (3 + 1 - -5) + -8.
1
-3 + (2 + 0 - 0)
-1
What is -13 + 17 + -1 + -4?
-1
What is 0 + (10 - (8 + -4))?
6
4 + -5 + 2 - (1 + 0)
0
What is 4 - (4 + -5 + 0)?
5
Evaluate -1 + -3 + 9 - (-3 - -7).
1
What is 2 - ((-2 - -3 - -1) + 2)?
-2
What is the value of -14 + 22 + (-5 - 4)?
-1
What is the value of 43 + -36 + 1 + -1 - 1?
6
What is 5 + 3 - (-2 + (3 - -4))?
3
-4 + -5 + 4 + 4
-1
(6 - (-6 - -7)) + -1
4
What is 6 + -3 + -8 + 4?
-1
Calculate -3 - 4 - -3 - (-3 + -1).
0
Evaluate -8 + (12 - (4 + -8)).
8
Calculate -2 + 2 - (-2 + -5 + 3).
4
Calculate 6 + (1 - 4 - -2 - 1).
4
Evaluate -2 - 0 - (-16 + 11).
3
2 + (-1 - 1) + 46 + -40
6
What is (-2 - -10) + -3 + 14 + -21?
-2
0 + -6 + (4 - -4)
2
What is the value of -1 + (-6 - (-3 - -2)) - -3?
-3
Calculate -7 + (5 - 5) - (-3 + 1).
-5
What is -1 + -2 + (10 + 1 - 10)?
-2
0 - 15 - -9 - (-2 - 11)
7
What is the value of 2 + 3 + (2 - 3) - 12?
-8
Evaluate (-1 - (1 + -1)) + (-3 - -7).
3
Evaluate 0 + (-3 + 4 - -2).
3
Calculate 0 + (-11 + -4 - -24).
9
(-1 - -1 - 0) + (-2 - 0)
-2
85 + -94 + (1 - -4)
-4
What is 2 - (0 - -2) - (16 - 13)?
-3
What is the value of -2 - -2 - 6 - -9?
3
(-2 - -8 - (-1 - -4)) + -4
-1
What is 1 + (-1 - (-4 - 3))?
7
Evaluate (-3 + 3 - (1 - 9)) + -3.
5
Evaluate -22 + 8 + -6 - -12.
-8
Evaluate 41 + -46 + (5 - 1).
-1
Evaluate -1 + -3 + 1 + 0.
-3
Calculate -5 + (0 - (-3 - 0)).
-2
Evaluate 2 + 0 + (3 - 2) + -3.
0
Calculate -1 + -3 + (11 - 2) + -3.
2
-5 + -2 + 5 - (3 - 1)
-4
What is the value of 1 + -1 + 14 - (-10 + 16)?
8
What is (1 - (-2 + 1)) + -2 + -5?
-5
What is 4 - (6 + -11 + 12)?
-3
What is the value of 2 + (-13 - (-17 + -4))?
10
Evaluate -1 + 5 - (10 - 6).
0
What is the value of (5 - 12) + (7 - -3) + -4?
-1
Evaluate 1 + -4 + -2 + -6 + 5.
-6
What is -2 + 3 + 20 + -17 + 1?
5
What is the value of 3 + (3 - 3) + -2 + 2?
3
What is the value of (4 + -5 - 4) + 1?
-4
What is -1 - (10 + -10 + 3)?
-4
Calculate (-11 - (1 + -10)) + 6.
4
What is (-15 - -12) + 2 + 6 + -10?
-5
What is the value of 0 + (2 - -4) + -12 + 12?
6
What is the value of 9 + -3 + 1 + -5 + 3?
5
Calculate -6 + -1 + 4 - (14 - 14).
-3
What is the value of -2 - (-2 - -3) - (1 - 7)?
3
0 + 0 + 1 + 4 + -1
4
Evaluate 3 + (5 + 2 - 15).
-5
Evaluate (-1 - (7 + -5)) + 1 + -1.
-3
Calculate -3 - 4 - 0 - (2 + 1).
-10
Evaluate (-4 - -2) + 25 + (-13 - 4).
6
10 - ((-12 - -36) + -5)
-9
Evaluate (-4 - 2) + 1 + 2 - -4.
1
What is the value of 2 + (-5 - (0 - 0)) - 1?
-4
Calculate 10 - 16 - (-3 + -7).
4
What is 2 + -2 + (13 - 12)?
1
What is the value of 3 - 0 - (-12 - -11)?
4
1 + 0 + 2 - (7 + -1)
-3
-2 + 1 + -10 + 9 - 1
-3
(11 - 4) + -10 - (-1 - 5)
3
What is 25 - 26 - (0 + 2)?
-3
Calculate 4 + (-3 - 5 - -3) + -1.
-2
Calculate -46 + 44 - (2 - (3 - 2)).
-3
Calculate -7 - -1 - (-1 + (-3 - 0)).
-2
75 + -62 - (-1 + 8)
6
Evaluate 0 - (-12 - -20 - 0).
-8
Calculate -2 - -4 - 4 - -1.
-1
What is -4 + 4 + 3 + -2?
1
Evaluate 2 - (4 + 1) - (-11 - -3).
5
What is -24 - -25 - (5 - -2)?
-6
What is -5 + 4 - (-2 + 4)?
-3
What is the value of 0 + 4 + (16 - 4 - 13)?
3
What is 0 + (2 - 2) + 3?
3
Calculate 2 - (-1 + -3 + -1 - -10).
-3
What is (0 - 3) + (-7 - -2) + 9?
1
-9 + 8 - (0 - 5)
4
What is the value of -5 + 2 + -8 + 7?
-4
What is the value of (5 - (7 + 2)) + -2 - -1?
-5
Evaluate -13 - -10 - (2 + 3).
-8
What is 10 - 9 - (0 + -1)?
2
What is 3 + 3 - (-3 + 7) - 2?
0
Calculate -5 + 0 + 8 + 10 + -18.
-5
-4 + -2 + (4 - 2)
-4
-3 + (5 - (2 + 1))
-1
What is -4 + 5 + -5 + 3 + 6?
5
Evaluate 0 + 0 + (15 - 20).
-5
Calculate -15 - (-9 - (-2 - 0)).
-8
What is the value of 1 - -3 - (31 - 33)?
6
What is the value of 5 + -1 + -3 - -7?
8
What is 2 + -9 + 0 + -2 - -4?
-5
What is -6 + 5 + (1 - (-7 - -3))?
4
What is the value of -8 + 1 + (17 - 15 - -8)?
3
2 + 1 + 0 + -5 - 2
-4
1 - (7 - (6 + -6))
-6
7 - (1 - (0 + 7 + -18))
-5
0 + 3 + (-4 - (3 - 3))
-1
What is the value of 6 + 0 + (148 - 149)?
5
Calculate -2 + (2 - (-4 - -4)).
0
Evaluate 13 - (11 + -5 + 1).
6
What is the value of -9 + 12 + -6 - -1?
-2
What is the value of (-2 - 2) + 1 + (9 - 3)?
3
-4 + (18 - (10 + -2))
6
What is 1 + -6 + 3 + 0?
-2
What is -6 + -50 + 56 + (1 - 1)?
0
Calculate 1 + -1 + 1 + 4 + 0.
5
What is -1 - (-1 - -10) - (-9 + 4)?
-5
Evaluate 5 - (7 + 2 + (-38 - -34)).
0
What is -7 + 2 + 2 + 4?
1
What is (0 - 1) + 3 + -7 + 3?
-2
What is -6 + 7 + 8 + -7 + 4?
6
2 + 3 + -4 + -1
0
What is 5 + -7 + 0 + -4?
-6
What is 3 + (7 - (9 - 2))?
3
Calculate 5 - (-3 + (2 - (-5 - 3))).
-2
Calculate -3 + 1 + 7 - 1.
4
10 + -16 + -1 + 0 + 2
-5
What is the value of 19 + -21 + 1 + -3?
-4
Evaluate (16 + -1 - -4) + -11.
8
5 + 0 + -12 + 10
3
Calculate -2 + (5 - (2 + 1)).
0
(-8 - 0 - (-20 - -16)) + -2
-6
5 + (-2 - (-1 - -2))
2
What is the value of -2 + -2 + 2 + -1 - 1?
-4
What is (-7 - -6 - 4) + 5?
0
(-5 - -1 - 6) + (6 - 0)
-4
Calculate 4 + 1 - (5 + -2 + -4).
6
-13 + 4 + -5 + 9
-5
20 + -1 + -6 + -9
4
What is 6 - 2 - (2 - (1 + -2))?
1
Evaluate -10 + 4 + -8 + 7.
-7
-1 + (5 - -1) + -3
2
What is the value of (1 + 1 - 6) + 5?
1
-6 + 17 + 4 + -10
5
What is 1 + (2 + -2 - (-6 - -8))?
-1
Evaluate 7 + (-14 + -5 + 1 - -7).
-4
What is the value of (-19 + 7 - -15) + -8?
-5
Evaluate (-1 - 0) + (17 - 19).
-3
What is (2 - 11) + 9 - -2?
2
Calculate 6 - ((8 - 2) + -3).
3
What is the value of -7 + -1 - (-8 + 4)?
-4
-4 + (1 - -7) + 1
5
Calculate -1 - (0 - (-7 + 4)).
-4
What is (3 - 14) + 2 - (-24 + 19)?
-4
5 + (-1 - -2) + -5
1
What is -1 + 4 - (-60 + 58)?
5
Evaluate -3 + 0 + 25 + -17.
5
-4 - (4 + -8 + -5 + 11)
-6
What is the value of (-13 - (-10 - -5)) + 15?
7
Evaluate 3 + -3 + (3 - 0) + 1.
4
(-1 - 1) + -2 + -1 + 10
5
Calculate -7 - -6 - -2 - 1.
0
Calculate -3 + (-4 - -5) - 2.
-4
Calculate (48 - 47) + (-1 - -5).
5
Evaluate (8 - 6) + (0 - 1) + -3.
-2
5 + -18 + -1 + 8
-6
Calculate (-7 - (2 - 11)) + -2 + -1.
-1
What is the value of (-4 - (-5 + 7)) + -1 + 3?
-4
What is the value of (2 - 17 - -14) + 2 + 2?
3
67 + -60 - (1 - (-8 + 0))
-2
What is the value of 15 + -20 + 10 - 1?
4
Evaluate 17 + -17 + (-2 - (0 - 0)).
-2
Calculate 18 + 2 - (82 + -71).
9
What is ((4 - 4) + 4 - 5) + -2?
-3
What is -7 + 0 - -4 - 0 - -3?
0
Calculate -146 + 144 + 13 + -1.
10
4 + -6 + (7 - 8)
-3
-1 + 9 - (-88 + 93)
3
-2 + -5 + 23 + -19 + 10
7
What is the value of 0 + -1 + -3 - (-12 - -3)?
5
Eva